27a2
52342554 (base 6) to base 2
101110011100111100110
What is -1111000100010110 (base 2) in base 4?
-33010112
c315b5 (base 15) to base 12
3130045
543345 (base 7) to base 9
154086
What is -100010010001101100101111 (base 2) in base 6?
-520331011
1030731 (base 11) to base 10
1816365
What is 242008 (base 9) in base 4?
203212100
What is -937521 (base 11) in base 13?
-408357
4a85b3 (base 13) to base 8
6646645
What is 12b514 (base 13) in base 7?
3565665
What is 442677 (base 10) in base 11?
282654
What is 1e51ad (base 15) in base 9?
2713511
-20010221101 (base 3) to base 10
-120970
What is 807955 (base 11) in base 8?
4750672
Convert -160861 (base 13) to base 11.
-341868
What is -1313210133 (base 4) in base 7?
-4106604
What is -183b17 (base 12) in base 7?
-3403612
-30246132 (base 8) to base 12
-2176162
What is -333451 (base 8) in base 14?
-2cd85
250b9 (base 12) to base 16
c44d
Convert -100011111001 (base 3) to base 2.
-101100000010111111
What is -1310435 (base 6) in base 11?
-49752
812c74 (base 13) to base 5
1232133142
What is 2001200102 (base 3) in base 11?
28552
What is 220706 (base 9) in base 7?
1056144
Convert -11011111111000100 (base 2) to base 9.
-184214
Convert 1020aa (base 11) to base 7.
1251435
Convert 31360604 (base 7) to base 3.
11222210210012
Convert 108b60a (base 12) to base 7.
35650045
27055873 (base 9) to base 14
1aab565
-646319 (base 14) to base 12
-117a303
What is 1b578a1 (base 12) in base 8?
26216471
What is -3381437 (base 11) in base 2?
-10110100100100010010011
-5350064 (base 10) to base 2
-10100011010001010110000
What is 31625061 (base 7) in base 5?
1142230210
866581 (base 13) to base 5
1301441332
What is 14636160 (base 7) in base 14?
287ad7
2bd94 (base 15) to base 13
4c4bc
-512365 (base 12) to base 10
-1268861
Convert -ddf39 (base 16) to base 14.
-199449
-33d03 (base 15) to base 7
-1254561
Convert 4473504 (base 8) to base 11.
757254
What is 105243 (base 9) in base 10?
62895
10224332 (base 5) to base 9
141236
Convert 10110100001000110010 (base 2) to base 5.
142102332
What is ddd1 (base 16) in base 10?
56785
What is -5367514 (base 9) in base 2?
-1010111110111100000111
What is -1110202202101 (base 3) in base 14?
-16539d
-6b019 (base 15) to base 10
-340899
-982a9 (base 11) to base 7
-1133156
312331013 (base 4) to base 3
102102202212
Convert 2a17349 (base 12) to base 5.
4133243414
-20100101000002 (base 3) to base 15
-469675
Convert -1041553 (base 7) to base 4.
-133032013
-1306741 (base 9) to base 10
-713566
Convert -112463 (base 8) to base 6.
-452455
13964 (base 11) to base 6
231345
117722 (base 13) to base 3
210011020212
What is -405115031 (base 6) in base 3?
-111002200221201
-101110100000010001 (base 2) to base 15
-3b68b
1100011100101101011110 (base 2) to base 11
1929870
What is -117b8 (base 13) in base 3?
-1122000121
What is -20625000 (base 8) in base 5?
-2111323124
Convert 2446 (base 11) to base 16.
c7c
Convert -1702200 (base 9) to base 5.
-220241104
Convert -53430424 (base 7) to base 2.
-10001010101101100011011
What is 213032221031 (base 4) in base 9?
21313388
What is -2121102011221 (base 3) in base 7?
-14531464
Convert -1233150 (base 7) to base 8.
-467533
What is 191d13 (base 14) in base 4?
3121000231
Convert 11237454 (base 8) to base 5.
1111103004
1112222221 (base 3) to base 8
73630
What is -115104350 (base 6) in base 14?
-41449c
Convert -3211443210 (base 5) to base 3.
-110200220222210
Convert 26a766 (base 14) to base 15.
1b5881
What is -b167a (base 12) in base 4?
-320111332
What is -1463082 (base 10) in base 6?
-51205310
1070103 (base 8) to base 11
1895aa
Convert 43221420 (base 7) to base 13.
9c0a23
What is 1688367 (base 10) in base 5?
413011432
-21010200211202 (base 3) to base 15
-4edc32
What is -11b9a40 (base 12) in base 9?
-6483533
-740b5 (base 12) to base 13
-5437a
-2946673 (base 10) to base 9
-5481061
11220020122 (base 3) to base 12
4795b
Convert -11300311022 (base 4) to base 11.
-942041
-8413a (base 13) to base 11
-152484
Convert -176352 (base 9) to base 13.
-3ab9b
What is 3b597 (base 16) in base 6?
5113235
-19934 (base 14) to base 11
-44860
Convert 16a2442 (base 12) to base 9.
8738035
5224603 (base 7) to base 13
18ccc1
What is 158ca12 (base 14) in base 2?
101000010010010101111000
Convert -95c765 (base 13) to base 2.
-1101011001011100001000
-476610 (base 8) to base 12
-7a548
1000100001100100110 (base 2) to base 14
73b26
What is 244357 (base 8) in base 11?
582a2
Convert 439799 (base 14) to base 11.
1326636
Convert -30d35 (base 15) to base 3.
-21212102012
-15222032 (base 6) to base 4
-2001311210
-5324203 (base 6) to base 3
-111012211210
What is -30223231 (base 4) in base 8?
-145355
-231552 (base 9) to base 11
-9544a
What is 627817 (base 11) in base 8?
3654503
What is -100311032 (base 4) in base 7?
-404666
1241b05 (base 12) to base 4
31213203311
2500366 (base 7) to base 9
536271
What is 1011101010100011011 (base 2) in base 13?
104c99
Convert 4e42e0 (base 15) to base 14.
6dc5aa
What is 17a77 (base 14) in base 12?
2a661
Convert -192a245 (base 11) to base 16.
-31cd9f
15146544 (base 8) to base 13
942108
Convert -34775 (base 9) to base 5.
-1220414
Convert -10403323010 (base 5) to base 8.
-53336225
What is -333341 (base 10) in base 6?
-11051125
What is -12212233 (base 5) in base 2?
-11100011101011000
Convert -50205 (base 6) to base 10.
-6557
What is 1110111010010010010101 (base 2) in base 3?
21100120210210
What is 12030303031 (base 4) in base 3?
10001120111001
Convert -165601 (base 7) to base 9.
-50514
Convert -22220211221220 (base 3) to base 7.
-55203105
Convert 230132130 (base 4) to base 13.
64bc3
Convert 676b3 (base 12) to base 15.
2ab26
-7457773 (base 10) to base 9
-15026124
Convert 11012102110 (base 3) to base 2.
10100001011111110
What is 110300303320 (base 4) in base 12?
19a5934
-1d96f (base 16) to base 6
-2333035
-11013003213 (base 5) to base 10
-11844183
Convert 1235440351 (base 6) to base 12.
4a560b7
Convert 10100011001111110 (base 2) to base 9.
136578
What is a936 (base 11) in base 12?
8432
What is -531523 (base 6) in base 4?
-22202223
-a0448 (base 15) to base 16
-7bd52
What is -102404000 (base 5) in base 16?
-6a2bb
63151 (base 7) to base 4
3302200
Convert 778617 (base 9) to base 3.
212122200121
Convert -12c1a1 (base 13) to base 10.
-455079
Convert -1124141423 (base 5) to base 6.
-131014323
79c06 (base 16) to base 14
cda50
Convert -24b86 (base 14) to base 11.
-61753
Convert 16236c3 (base 14) to base 5.
10233433031
What is 850 (base 14) in base 7?
4530
42c82 (base 14) to base 6
3244122
What is 12011212221021 (base 3) in base 2?
1010100000001101101010
What is -1550035 (base 6) in base 2?
-10110011110000111
Convert -3b6e1 (base 15) to base 3.
-100200101211
Convert 2d1ba (base 15) to base 11.
9a376
What is 100101010111010011001001 (base 2) in base 10?
9794761
214010111 (base 5) to base 9
1655424
What is -229107 (base 11) in base 10?
-363491
Convert 305294 (base 10) to base 4.
1022202032
What is -1628cc (base 14) in base 7?
-6410045
Convert 654301 (base 9) to base 15.
7a974
858239 (base 14) to base 8
21166313
-11010101100111010011 (base 2) to base 14
-18ac15
What is 73708 (base 9) in base 10?
48689
75717 (base 11) to base 10
110007
What is -904702 (base 12) in base 11?
-12a5570
Convert -21631040 (base 7) to base 5.
-434420101
Convert 351537 (base 8) to base 14.
31863
What is -132120232 (base 4) in base 2?
-11110011000101110
Convert -2113003 (base 6) to base 8.
-311173
31211313233 (base 4) to base 7
42166505
Convert -17344737 (base 8) to base 15.
-54ec35
What is 1011010100100110000 (base 2) in base 11?
233806
196a8 (base 11) to base 14
a01a
Convert 59077 (base 16) to base 12.
157047
What is 477d5 (base 14) in base 7?
1324355
-181400 (base 12) to base 8
-1456400
What is -38510 (base 10) in base 14?
-1006a
Convert 564200 (base 7) to base 4.
120121013
What is 2120022312 (base 4) in base 5?
124421121
-330323233 (base 5) to base 13
-3a8166
-31101103 (base 4) to base 6
-1055351
What is 5122454 (base 7) in base 2?
10010101000111010111
3421250 (base 8) to base 12
388120
What is -145a8a (base 11) in base 14?
-5cd18
Convert -2f9757 (base 16) to base 12.
-1064b33
Convert 103601446 (base 7) to base 4.
113232112123
What is 2300531 (base 7) in base 16?
45d22
Convert -32316c (base 16) to base 2.
-1100100011000101101100
Convert -134331664